{"id":52,"date":"2011-07-21T07:51:45","date_gmt":"2011-07-21T05:51:45","guid":{"rendered":"http:\/\/restaurant-lescarroz.com\/?page_id=52"},"modified":"2025-12-06T07:39:05","modified_gmt":"2025-12-06T06:39:05","slug":"acces-contact","status":"publish","type":"page","link":"https:\/\/restaurant-lescarroz.com\/accueil\/acces-contact\/","title":{"rendered":"Acc\u00e8s &#038; Contact"},"content":{"rendered":"\n<style type=\"text\/css\" data-created_by=\"avia_inline_auto\" id=\"style-css-av-34aeg-fa584aaf7979672c68746586c527ddd0\">\n.flex_column.av-34aeg-fa584aaf7979672c68746586c527ddd0{\nborder-radius:0px 0px 0px 0px;\npadding:0px 0px 0px 0px;\n}\n<\/style>\n<div  class='flex_column av-34aeg-fa584aaf7979672c68746586c527ddd0 av_one_half  avia-builder-el-0  el_before_av_one_half  avia-builder-el-first  first flex_column_div av-zero-column-padding  '     ><section  class='av_textblock_section av-2urf8-49713216e32dd70b3b6ab455e83ebcc9 '   itemscope=\"itemscope\" itemtype=\"https:\/\/schema.org\/CreativeWork\" ><div class='avia_textblock'  itemprop=\"text\" ><p><img loading=\"lazy\" decoding=\"async\" class=\"aligncenter wp-image-96\" src=\"http:\/\/restaurant-lescarroz.com\/wp-content\/uploads\/2011\/07\/6-1024x594.jpg\" alt=\"\" width=\"500\" height=\"290\" srcset=\"https:\/\/restaurant-lescarroz.com\/wp-content\/uploads\/2011\/07\/6-1024x594.jpg 1024w, https:\/\/restaurant-lescarroz.com\/wp-content\/uploads\/2011\/07\/6-300x174.jpg 300w, https:\/\/restaurant-lescarroz.com\/wp-content\/uploads\/2011\/07\/6-1032x600.jpg 1032w, https:\/\/restaurant-lescarroz.com\/wp-content\/uploads\/2011\/07\/6.jpg 1034w\" sizes=\"auto, (max-width: 500px) 100vw, 500px\" \/><\/p>\n<h2 style=\"text-align: center;\">T\u00e9l\u00e9phone <a href=\"tel:+33450900509\">04 50 90 05 09<\/a><\/h2>\n<\/div><\/section><\/div>\n<style type=\"text\/css\" data-created_by=\"avia_inline_auto\" id=\"style-css-av-22gd4-db4eca06ad118a1883128ff204b51f2f\">\n.flex_column.av-22gd4-db4eca06ad118a1883128ff204b51f2f{\nborder-radius:0px 0px 0px 0px;\npadding:0px 0px 0px 0px;\n}\n<\/style>\n<div  class='flex_column av-22gd4-db4eca06ad118a1883128ff204b51f2f av_one_half  avia-builder-el-2  el_after_av_one_half  avia-builder-el-last  flex_column_div av-zero-column-padding  '     ><\/div><\/p>\n","protected":false},"excerpt":{"rendered":"","protected":false},"author":2,"featured_media":428,"parent":0,"menu_order":90,"comment_status":"closed","ping_status":"open","template":"","meta":{"footnotes":""},"class_list":["post-52","page","type-page","status-publish","has-post-thumbnail","hentry"],"yoast_head":"<!-- This site is optimized with the Yoast SEO plugin v27.4 - https:\/\/yoast.com\/product\/yoast-seo-wordpress\/ -->\n<title>Acc\u00e8s &amp; Contact - Restaurant | Brasserie - Chalet des Molliets - Les Carroz<\/title>\n<meta name=\"description\" content=\"Renseignements, r\u00e9servation, n&#039;h\u00e9sitez pas, appelez-nous ! Sommes ouverts en saison d&#039;hiver, 9h00 \u00e0 minuit\u2026\" \/>\n<meta name=\"robots\" content=\"index, follow, max-snippet:-1, max-image-preview:large, max-video-preview:-1\" \/>\n<link rel=\"canonical\" href=\"https:\/\/restaurant-lescarroz.com\/accueil\/acces-contact\/\" \/>\n<meta property=\"og:locale\" content=\"fr_FR\" \/>\n<meta property=\"og:type\" content=\"article\" \/>\n<meta property=\"og:title\" content=\"Acc\u00e8s &amp; Contact - Restaurant | Brasserie - Chalet des Molliets - Les Carroz\" \/>\n<meta property=\"og:description\" content=\"Renseignements, r\u00e9servation, n&#039;h\u00e9sitez pas, appelez-nous ! Sommes ouverts en saison d&#039;hiver, 9h00 \u00e0 minuit\u2026\" \/>\n<meta property=\"og:url\" content=\"https:\/\/restaurant-lescarroz.com\/accueil\/acces-contact\/\" \/>\n<meta property=\"og:site_name\" content=\"Restaurant | Brasserie - Chalet des Molliets - Les Carroz\" \/>\n<meta property=\"article:publisher\" content=\"https:\/\/www.facebook.com\/chaletlesmolliets\/\" \/>\n<meta property=\"article:modified_time\" content=\"2025-12-06T06:39:05+00:00\" \/>\n<meta name=\"twitter:card\" content=\"summary_large_image\" \/>\n<meta name=\"twitter:label1\" content=\"Dur\u00e9e de lecture estim\u00e9e\" \/>\n\t<meta name=\"twitter:data1\" content=\"1 minute\" \/>\n<script type=\"application\/ld+json\" class=\"yoast-schema-graph\">{\"@context\":\"https:\\\/\\\/schema.org\",\"@graph\":[{\"@type\":\"WebPage\",\"@id\":\"https:\\\/\\\/restaurant-lescarroz.com\\\/accueil\\\/acces-contact\\\/\",\"url\":\"https:\\\/\\\/restaurant-lescarroz.com\\\/accueil\\\/acces-contact\\\/\",\"name\":\"Acc\u00e8s & Contact - Restaurant | Brasserie - Chalet des Molliets - Les Carroz\",\"isPartOf\":{\"@id\":\"https:\\\/\\\/restaurant-lescarroz.com\\\/accueil\\\/#website\"},\"primaryImageOfPage\":{\"@id\":\"https:\\\/\\\/restaurant-lescarroz.com\\\/accueil\\\/acces-contact\\\/#primaryimage\"},\"image\":{\"@id\":\"https:\\\/\\\/restaurant-lescarroz.com\\\/accueil\\\/acces-contact\\\/#primaryimage\"},\"thumbnailUrl\":\"https:\\\/\\\/restaurant-lescarroz.com\\\/wp-content\\\/uploads\\\/2025\\\/12\\\/icon_molliets.svg\",\"datePublished\":\"2011-07-21T05:51:45+00:00\",\"dateModified\":\"2025-12-06T06:39:05+00:00\",\"description\":\"Renseignements, r\u00e9servation, n'h\u00e9sitez pas, appelez-nous ! Sommes ouverts en saison d'hiver, 9h00 \u00e0 minuit\u2026\",\"breadcrumb\":{\"@id\":\"https:\\\/\\\/restaurant-lescarroz.com\\\/accueil\\\/acces-contact\\\/#breadcrumb\"},\"inLanguage\":\"fr-FR\",\"potentialAction\":[{\"@type\":\"ReadAction\",\"target\":[\"https:\\\/\\\/restaurant-lescarroz.com\\\/accueil\\\/acces-contact\\\/\"]}]},{\"@type\":\"ImageObject\",\"inLanguage\":\"fr-FR\",\"@id\":\"https:\\\/\\\/restaurant-lescarroz.com\\\/accueil\\\/acces-contact\\\/#primaryimage\",\"url\":\"https:\\\/\\\/restaurant-lescarroz.com\\\/wp-content\\\/uploads\\\/2025\\\/12\\\/icon_molliets.svg\",\"contentUrl\":\"https:\\\/\\\/restaurant-lescarroz.com\\\/wp-content\\\/uploads\\\/2025\\\/12\\\/icon_molliets.svg\"},{\"@type\":\"BreadcrumbList\",\"@id\":\"https:\\\/\\\/restaurant-lescarroz.com\\\/accueil\\\/acces-contact\\\/#breadcrumb\",\"itemListElement\":[{\"@type\":\"ListItem\",\"position\":1,\"name\":\"Accueil\",\"item\":\"https:\\\/\\\/restaurant-lescarroz.com\\\/accueil\\\/\"},{\"@type\":\"ListItem\",\"position\":2,\"name\":\"Acc\u00e8s &#038; Contact\"}]},{\"@type\":\"WebSite\",\"@id\":\"https:\\\/\\\/restaurant-lescarroz.com\\\/accueil\\\/#website\",\"url\":\"https:\\\/\\\/restaurant-lescarroz.com\\\/accueil\\\/\",\"name\":\"Restaurant | Brasserie - Chalet des Molliets - Les Carroz\",\"description\":\"Chabert P\u00e8re &amp; Fils\",\"publisher\":{\"@id\":\"https:\\\/\\\/restaurant-lescarroz.com\\\/accueil\\\/#organization\"},\"potentialAction\":[{\"@type\":\"SearchAction\",\"target\":{\"@type\":\"EntryPoint\",\"urlTemplate\":\"https:\\\/\\\/restaurant-lescarroz.com\\\/accueil\\\/?s={search_term_string}\"},\"query-input\":{\"@type\":\"PropertyValueSpecification\",\"valueRequired\":true,\"valueName\":\"search_term_string\"}}],\"inLanguage\":\"fr-FR\"},{\"@type\":\"Organization\",\"@id\":\"https:\\\/\\\/restaurant-lescarroz.com\\\/accueil\\\/#organization\",\"name\":\"Restaurant | Brasserie - Chalet des Molliets - Les Carroz\",\"url\":\"https:\\\/\\\/restaurant-lescarroz.com\\\/accueil\\\/\",\"logo\":{\"@type\":\"ImageObject\",\"inLanguage\":\"fr-FR\",\"@id\":\"https:\\\/\\\/restaurant-lescarroz.com\\\/accueil\\\/#\\\/schema\\\/logo\\\/image\\\/\",\"url\":\"http:\\\/\\\/restaurant-lescarroz.com\\\/wp-content\\\/uploads\\\/2025\\\/12\\\/molliets_2026.svg\",\"contentUrl\":\"http:\\\/\\\/restaurant-lescarroz.com\\\/wp-content\\\/uploads\\\/2025\\\/12\\\/molliets_2026.svg\",\"width\":1,\"height\":1,\"caption\":\"Restaurant | Brasserie - Chalet des Molliets - Les Carroz\"},\"image\":{\"@id\":\"https:\\\/\\\/restaurant-lescarroz.com\\\/accueil\\\/#\\\/schema\\\/logo\\\/image\\\/\"},\"sameAs\":[\"https:\\\/\\\/www.facebook.com\\\/chaletlesmolliets\\\/\"]}]}<\/script>\n<!-- \/ Yoast SEO plugin. -->","yoast_head_json":{"title":"Acc\u00e8s & Contact - Restaurant | Brasserie - Chalet des Molliets - Les Carroz","description":"Renseignements, r\u00e9servation, n'h\u00e9sitez pas, appelez-nous ! Sommes ouverts en saison d'hiver, 9h00 \u00e0 minuit\u2026","robots":{"index":"index","follow":"follow","max-snippet":"max-snippet:-1","max-image-preview":"max-image-preview:large","max-video-preview":"max-video-preview:-1"},"canonical":"https:\/\/restaurant-lescarroz.com\/accueil\/acces-contact\/","og_locale":"fr_FR","og_type":"article","og_title":"Acc\u00e8s & Contact - Restaurant | Brasserie - Chalet des Molliets - Les Carroz","og_description":"Renseignements, r\u00e9servation, n'h\u00e9sitez pas, appelez-nous ! Sommes ouverts en saison d'hiver, 9h00 \u00e0 minuit\u2026","og_url":"https:\/\/restaurant-lescarroz.com\/accueil\/acces-contact\/","og_site_name":"Restaurant | Brasserie - Chalet des Molliets - Les Carroz","article_publisher":"https:\/\/www.facebook.com\/chaletlesmolliets\/","article_modified_time":"2025-12-06T06:39:05+00:00","twitter_card":"summary_large_image","twitter_misc":{"Dur\u00e9e de lecture estim\u00e9e":"1 minute"},"schema":{"@context":"https:\/\/schema.org","@graph":[{"@type":"WebPage","@id":"https:\/\/restaurant-lescarroz.com\/accueil\/acces-contact\/","url":"https:\/\/restaurant-lescarroz.com\/accueil\/acces-contact\/","name":"Acc\u00e8s & Contact - Restaurant | Brasserie - Chalet des Molliets - Les Carroz","isPartOf":{"@id":"https:\/\/restaurant-lescarroz.com\/accueil\/#website"},"primaryImageOfPage":{"@id":"https:\/\/restaurant-lescarroz.com\/accueil\/acces-contact\/#primaryimage"},"image":{"@id":"https:\/\/restaurant-lescarroz.com\/accueil\/acces-contact\/#primaryimage"},"thumbnailUrl":"https:\/\/restaurant-lescarroz.com\/wp-content\/uploads\/2025\/12\/icon_molliets.svg","datePublished":"2011-07-21T05:51:45+00:00","dateModified":"2025-12-06T06:39:05+00:00","description":"Renseignements, r\u00e9servation, n'h\u00e9sitez pas, appelez-nous ! Sommes ouverts en saison d'hiver, 9h00 \u00e0 minuit\u2026","breadcrumb":{"@id":"https:\/\/restaurant-lescarroz.com\/accueil\/acces-contact\/#breadcrumb"},"inLanguage":"fr-FR","potentialAction":[{"@type":"ReadAction","target":["https:\/\/restaurant-lescarroz.com\/accueil\/acces-contact\/"]}]},{"@type":"ImageObject","inLanguage":"fr-FR","@id":"https:\/\/restaurant-lescarroz.com\/accueil\/acces-contact\/#primaryimage","url":"https:\/\/restaurant-lescarroz.com\/wp-content\/uploads\/2025\/12\/icon_molliets.svg","contentUrl":"https:\/\/restaurant-lescarroz.com\/wp-content\/uploads\/2025\/12\/icon_molliets.svg"},{"@type":"BreadcrumbList","@id":"https:\/\/restaurant-lescarroz.com\/accueil\/acces-contact\/#breadcrumb","itemListElement":[{"@type":"ListItem","position":1,"name":"Accueil","item":"https:\/\/restaurant-lescarroz.com\/accueil\/"},{"@type":"ListItem","position":2,"name":"Acc\u00e8s &#038; Contact"}]},{"@type":"WebSite","@id":"https:\/\/restaurant-lescarroz.com\/accueil\/#website","url":"https:\/\/restaurant-lescarroz.com\/accueil\/","name":"Restaurant | Brasserie - Chalet des Molliets - Les Carroz","description":"Chabert P\u00e8re &amp; Fils","publisher":{"@id":"https:\/\/restaurant-lescarroz.com\/accueil\/#organization"},"potentialAction":[{"@type":"SearchAction","target":{"@type":"EntryPoint","urlTemplate":"https:\/\/restaurant-lescarroz.com\/accueil\/?s={search_term_string}"},"query-input":{"@type":"PropertyValueSpecification","valueRequired":true,"valueName":"search_term_string"}}],"inLanguage":"fr-FR"},{"@type":"Organization","@id":"https:\/\/restaurant-lescarroz.com\/accueil\/#organization","name":"Restaurant | Brasserie - Chalet des Molliets - Les Carroz","url":"https:\/\/restaurant-lescarroz.com\/accueil\/","logo":{"@type":"ImageObject","inLanguage":"fr-FR","@id":"https:\/\/restaurant-lescarroz.com\/accueil\/#\/schema\/logo\/image\/","url":"http:\/\/restaurant-lescarroz.com\/wp-content\/uploads\/2025\/12\/molliets_2026.svg","contentUrl":"http:\/\/restaurant-lescarroz.com\/wp-content\/uploads\/2025\/12\/molliets_2026.svg","width":1,"height":1,"caption":"Restaurant | Brasserie - Chalet des Molliets - Les Carroz"},"image":{"@id":"https:\/\/restaurant-lescarroz.com\/accueil\/#\/schema\/logo\/image\/"},"sameAs":["https:\/\/www.facebook.com\/chaletlesmolliets\/"]}]}},"_links":{"self":[{"href":"https:\/\/restaurant-lescarroz.com\/accueil\/wp-json\/wp\/v2\/pages\/52","targetHints":{"allow":["GET"]}}],"collection":[{"href":"https:\/\/restaurant-lescarroz.com\/accueil\/wp-json\/wp\/v2\/pages"}],"about":[{"href":"https:\/\/restaurant-lescarroz.com\/accueil\/wp-json\/wp\/v2\/types\/page"}],"author":[{"embeddable":true,"href":"https:\/\/restaurant-lescarroz.com\/accueil\/wp-json\/wp\/v2\/users\/2"}],"replies":[{"embeddable":true,"href":"https:\/\/restaurant-lescarroz.com\/accueil\/wp-json\/wp\/v2\/comments?post=52"}],"version-history":[{"count":2,"href":"https:\/\/restaurant-lescarroz.com\/accueil\/wp-json\/wp\/v2\/pages\/52\/revisions"}],"predecessor-version":[{"id":447,"href":"https:\/\/restaurant-lescarroz.com\/accueil\/wp-json\/wp\/v2\/pages\/52\/revisions\/447"}],"wp:featuredmedia":[{"embeddable":true,"href":"https:\/\/restaurant-lescarroz.com\/accueil\/wp-json\/wp\/v2\/media\/428"}],"wp:attachment":[{"href":"https:\/\/restaurant-lescarroz.com\/accueil\/wp-json\/wp\/v2\/media?parent=52"}],"curies":[{"name":"wp","href":"https:\/\/api.w.org\/{rel}","templated":true}]}}